 20004565.
5, 7, 101, 5659
List the prime factors of 144631.
61, 2371
List the prime factors of 492498.
2, 3, 27361
What are the prime factors of 2019979?
13, 155383
What are the prime factors of 1041232?
2, 59, 1103
What are the prime factors of 13800485?
5, 2760097
List the prime factors of 2626.
2, 13, 101
List the prime factors of 110305.
5, 13, 1697
List the prime factors of 103655.
5, 20731
List the prime factors of 1311872.
2, 37, 277
What are the prime factors of 5480711?
5480711
What are the prime factors of 502748?
2, 125687
List the prime factors of 6922858.
2, 31, 111659
List the prime factors of 2164507.
23, 94109
List the prime factors of 493512.
2, 3, 20563
List the prime factors of 121545.
3, 5, 37, 73
List the prime factors of 286864.
2, 17929
What are the prime factors of 13234586?
2, 6617293
List the prime factors of 2222347.
641, 3467
List the prime factors of 11353672.
2, 11, 37, 317
List the prime factors of 1713407.
29, 59083
List the prime factors of 459740.
2, 5, 127, 181
List the prime factors of 1611359.
53, 30403
What are the prime factors of 3891038?
2, 1945519
List the prime factors of 19319856.
2, 3, 41, 9817
List the prime factors of 80021.
80021
What are the prime factors of 474872?
2, 59359
List the prime factors of 96006.
2, 3, 16001
List the prime factors of 4221216.
2, 3, 14657
What are the prime factors of 3574993?
251, 14243
List the prime factors of 1448268.
2, 3, 120689
List the prime factors of 1397038.
2, 547, 1277
List the prime factors of 911.
911
List the prime factors of 379754.
2, 189877
List the prime factors of 500947.
500947
What are the prime factors of 2057491?
19, 108289
What are the prime factors of 19418662?
2, 9709331
What are the prime factors of 593964?
2, 3, 7, 2357
What are the prime factors of 476276?
2, 119069
What are the prime factors of 551310?
2, 3, 5, 17, 23, 47
List the prime factors of 92253.
3, 7, 23, 191
List the prime factors of 624261.
3, 11, 18917
What are the prime factors of 1946150?
2, 5, 38923
What are the prime factors of 63113?
63113
What are the prime factors of 18767272?
2, 2345909
List the prime factors of 6271398.
2, 3, 7, 47, 353
List the prime factors of 13232046.
2, 3, 43, 51287
List the prime factors of 290854.
2, 41, 3547
List the prime factors of 2086547.
2086547
List the prime factors of 143957.
11, 23, 569
List the prime factors of 19291391.
7, 43, 64091
What are the prime factors of 35241?
3, 17, 691
What are the prime factors of 2313179?
11, 23, 41, 223
List the prime factors of 297847.
11, 27077
List the prime factors of 86974.
2, 43487
What are the prime factors of 191065?
5, 7, 53, 103
List the prime factors of 204414.
2, 3, 7, 31, 157
List the prime factors of 555892.
2, 31, 4483
List the prime factors of 344755.
5, 19, 191
What are the prime factors of 18288957?
3, 17, 358607
List the prime factors of 178279.
17, 10487
What are the prime factors of 1483701?
3, 494567
What are the prime factors of 2599210?
2, 5, 61, 4261
What are the prime factors of 3549611?
13, 273047
What are the prime factors of 216452?
2, 53, 1021
List the prime factors of 424079.
424079
What are the prime factors of 6301542?
2, 3, 13, 80789
List the prime factors of 190686.
2, 3, 61, 521
What are the prime factors of 33667255?
5, 607, 11093
List the prime factors of 200327.
163, 1229
List the prime factors of 1253965.
5, 250793
What are the prime factors of 776260?
2, 5, 37, 1049
List the prime factors of 132483.
3, 13, 43, 79
What are the prime factors of 119328?
2, 3, 11, 113
List the prime factors of 23931.
3, 2659
What are the prime factors of 140907?
3, 13, 3613
What are the prime factors of 13774610?
2, 5, 557, 2473
What are the prime factors of 695263?
695263
List the prime factors of 2579241.
3, 7, 263, 467
List the prime factors of 226831.
11, 17, 1213
List the prime factors of 391392.
2, 3, 151
What are the prime factors of 189809?
347, 547
List the prime factors of 8750574.
2, 3, 7, 37, 1877
List the prime factors of 90820.
2, 5, 19, 239
What are the prime factors of 26417440?
2, 5, 7, 103, 229
List the prime factors of 272312.
2, 34039
What are the prime factors of 357769?
71, 5039
List the prime factors of 423817.
41, 10337
List the prime factors of 63474.
2, 3, 71, 149
What are the prime factors of 1554018?
2, 3, 23, 11261
What are the prime factors of 1601724?
2, 3, 127, 1051
List the prime factors of 3694592.
2, 11, 41
List the prime factors of 2629729.
2629729
What are the prime factors of 333457?
333457
What are the prime factors of 5287312?
2, 47, 79, 89
What are the prime factors of 8819657?
7, 11, 16363
List the prime factors of 117704.
2, 14713
What are the prime factors of 4363457?
7, 623351
What are the prime factors of 2576424?
2, 3, 107351
What are the prime factors of 58140?
2, 3, 5, 17, 19
List the prime factors of 4298146.
2, 197, 10909
What are the prime factors of 86850?
2, 3, 5, 193
What are the prime factors of 6200256?
2, 3, 43, 751
List the prime factors of 1294113.
3, 101, 4271
What are the prime factors of 575036?
2, 7, 11, 1867
List the prime factors of 69410.
2, 5, 11, 631
List the prime factors of 13344846.
2, 3, 2224141
What are the prime factors of 553968?
2, 3, 3847
List the prime factors of 571169.
37, 43, 359
List the prime factors of 51758.
2, 7, 3697
List the prime factors of 6155785.
5, 17, 72421
What are the prime factors of 114019?
17, 19, 353
List the prime factors of 2481385.
5, 29, 109, 157
What are the prime factors of 196369?
131, 1499
What are the prime factors of 1505730?
2, 3, 5, 53, 947
What are the prime factors of 5071140?
2, 3, 5, 9391
What are the prime factors of 613317?
3, 204439
List the prime factors of 3147999.
3, 1049333
What are the prime factors of 1405863?
3, 52069
List the prime factors of 369590.
2, 5, 13, 2843
What are the prime factors of 3470586?
2, 3, 7, 82633
What are the prime factors of 28192000?
2, 5, 881
List the prime factors of 667277.
13, 51329
What are the prime factors of 305272?
2, 11, 3469
What are the prime factors of 3751714?
2, 23, 81559
List the prime factors of 148747.
148747
List the prime factors of 2678758.
2, 17, 78787
What are the prime factors of 1434?
2, 3, 239
What are the prime factors of 5913379?
5913379
List the prime factors of 114694.
2, 57347
What are the prime factors of 134036?
2, 7, 4787
List the prime factors of 4020618.
2, 3, 7, 29, 3301
What are the prime factors of 422312?
2, 11, 4799
What are the prime factors of 178359?
3, 59453
What are the prime factors of 144096?
2, 3, 19, 79
What are the prime factors of 183225?
3, 5, 7, 349
List the prime factors of 26044.
2, 17, 383
What are the prime factors of 3106266?
2, 3, 517711
What are the prime factors of 9558657?
3, 1062073
List the prime factors of 13203088.
2, 825193
What are the prime factors of 30023984?
2, 1876499
What are the prime factors of 2391073?
1409, 1697
What are the prime factors of 2084121?
3, 13, 47, 379
List the prime factors of 34548.
2, 3, 2879
List the prime factors of 246790.
2, 5, 23, 29, 37
List the prime factors of 4481672.
2, 13, 43093
What are the prime factors of 3468938?
2, 11, 157679
What are the prime factors of 10106?
2, 31, 163
What are the prime factors of 775273?
775273
List the prime factors of 798614.
2, 419, 953
List the prime factors of 4698136.
2, 587267
What are the prime factors of 206006?
2, 17, 73, 83
What are the prime factors of 1973889?
3, 8123
List the prime factors of 4051744.
2, 53, 2389
What are the prime factors of 203710?
2, 5, 13, 1567
What are the prime factors of 984024?
2, 3, 79, 173
List the prime factors of 1250327.
13, 96179
What are the prime factors of 14792876?
2, 7, 528317
List the prime factors of 1167887.
7, 166841
List the prime factors of 1742864.
2, 108929
What are the prime factors of 529022?
2, 13, 20347
What are the prime factors of 3119192?
2, 19, 20521
What are the prime factors of 10124688?
2, 3, 7, 30133
What are the prime factors of 258622?
2, 7, 13, 29
List the prime factors of 5432576.
2, 21221
List the prime factors of 316145.
5, 53, 1193
List the prime factors of 2269747.
983, 2309
List the prime factors of 641847.
3, 213949
What are the prime factors of 169886?
2, 173, 491
List the prime factors of 8744514.
2, 3, 1457419
Lis